.
2, 3
Let w = 5388 + -3060. List the prime factors of w.
2, 3, 97
Suppose -486 = -w - 83. What are the prime factors of w?
13, 31
Let i be 4/(-22) + 1307/(-11). What are the prime factors of i/17*1/((-1)/31)?
7, 31
Let l = 29 - 13. Suppose -3*w - n = -l, 5*w - 7 = 2*n + 5. Suppose 0 = -w*o + 24 + 36. List the prime factors of o.
3, 5
Let v(x) = -x**3 - 68. Let f be v(0). What are the prime factors of f/(-3) - 16/(-12)?
2, 3
Suppose 9*r - 13*r = -2*q - 16430, 2*q + 2 = 0. List the prime factors of r.
3, 37
What are the prime factors of ((-16)/(-10))/2 - 297726/(-330)?
3, 7, 43
Let x(h) = -h**2 - 10*h + 700. What are the prime factors of x(0)?
2, 5, 7
Suppose 20*p - 32*p = -1164. List the prime factors of p.
97
Let n = -29 + 31. Suppose 5*s + 26 = -3*p + 159, -190 = -5*p - n*s. What are the prime factors of p?
2, 3
Let l(m) = -m**3 + 17*m**2 + 19*m + 21. What are the prime factors of l(18)?
3, 13
Let c be (-3)/12*2*0. Suppose l + l - 2 = c. Let v(w) = 14*w**3 + w - 1. List the prime factors of v(l).
2, 7
Let f(t) = t - 4. Let y be f(8). Suppose -5*s - y*o = -15, -2*s - 3*o + 15 = 3*s. Suppose 18 = -s*p + 2*l + 88, -2*l + 112 = 4*p. List the prime factors of p.
2, 13
List the prime factors of (3*5)/((-51)/(-68)).
2, 5
Let d = 26 + -17. Let j(v) = v**3 - 9*v**2 - 2*v + 12. Let a be j(d). What are the prime factors of (-46)/a - (-6)/(-9)?
7
Suppose -3*l - 5*i + 200 = 0, 4*i = -3*l + 170 + 26. Let z = 198 - l. List the prime factors of z.
2, 3, 23
Let d(r) = 4 - 10 + 19*r - 8. List the prime factors of d(5).
3
Let i be (18/4)/(5/10)*-1. List the prime factors of 7 + i - (-47 + 0).
3, 5
List the prime factors of ((-1560)/(-91))/(2/49).
2, 3, 5, 7
Let y(n) be the third derivative of 2*n**4/3 + n**3/2 - 29*n**2. List the prime factors of y(12).
3, 5, 13
Let q(n) = n**2 - 12*n + 27. Let k be q(12). List the prime factors of -29 + k - (1 - 117).
2, 3, 19
Suppose -8*l + 4*v = -3*l, -3*v = 5*l - 35. Suppose 7*h = l*h + 15. Suppose d - 2*b - 27 = 0, 3*b - 36 = -h*d + 86. List the prime factors of d.
5
Let p(y) = 5*y**2 + 46*y - 41. Let b(m) = -2*m**2 - 15*m + 14. Let z(a) = 8*b(a) + 3*p(a). List the prime factors of z(9).
2, 5, 7
Let l be (-341)/7 + (-2)/7. Let h = l + 16. What are the prime factors of (5 - h) + 5 + -3?
2, 5
Let u(a) = 2*a**2 - 3*a + 5. Let m be (1 + -1)/((-10)/(-10)). Suppose 3*d - 4 - 11 = m. What are the prime factors of u(d)?
2, 5
Let i be (24/18)/(2/6). Suppose 4*o - 4*l - 360 = l, -5*o - i*l = -409. What are the prime factors of o?
5, 17
What are the prime factors of 1/4 + (40644/48 - -7)?
2, 7, 61
Suppose 82 = -3*r + 5*m, m + 70 = 4*r - 7*r. Suppose -5*h - 12*o + 37 = -10*o, 0 = 5*h - 2*o - 33. Let j = h - r. What are the prime factors of j?
31
Suppose -5*w + 66 = 2*d, -3*w - 4*d + 32 = d. What are the prime factors of (52/(-6))/(w/(-63))?
3, 13
Let a = -1135 + 749. Let z = 624 + a. What are the prime factors of z?
2, 7, 17
Let r(b) = -4*b + 158. Let j(o) = 21*o - 790. Let z(c) = 2*j(c) + 11*r(c). List the prime factors of z(0).
2, 79
What are the prime factors of 17/(-4 + 3031/756)?
2, 3, 17
Let z = 6 - -179. List the prime factors of z.
5, 37
Let v = 7 + -1. Suppose 0 = 3*n - 3*h - 285, n - v*h = -11*h + 95. List the prime factors of n.
5, 19
Suppose -21*g = 1329 - 36252. List the prime factors of g.
1663
What are the prime factors of (1 + (-9)/2)*31820/(-35)?
2, 37, 43
Suppose -5*t + 66192 = 2*l, 3*l = -2*t - t + 39708. Suppose 6*z - t = z. List the prime factors of 2/(-7) - z/(-56).
47
Let v(x) = -5 - x**2 + 5*x + 0*x**2 + 7*x. Let k be 6 - (0/(-4) - 3). List the prime factors of v(k).
2, 11
Suppose 54*k - 50*k + q = 1513, -2*k + 770 = -4*q. List the prime factors of k.
379
Suppose n + 0*n = -3*c + 4, 2 = 2*c + n. Suppose c*k + 29 = 93. List the prime factors of k.
2
Let m(h) be the third derivative of -1/4*h**4 + 0*h - 3*h**2 - 1/60*h**5 + 1/2*h**3 + 0. List the prime factors of m(-3).
2, 3
Let t(v) = v**3 - 9*v**2 + 9*v - 5. Let w be t(8). Suppose 0 = -5*n + p + 832, w*p + p = n - 174. What are the prime factors of n?
2, 83
Suppose -p - 496 = -5*p. Let u = p + -44. List the prime factors of u.
2, 5
Suppose -c + 1021 = 5*d, 14*d = -3*c + 13*d + 3119. What are the prime factors of c?
3, 347
Suppose -2*t = -6*t - j + 794, -5*j = -10. List the prime factors of t.
2, 3, 11
Let q be (-18)/(-12)*(-582)/(-3). Suppose -193 = -2*d - 3*f - 46, 0 = -4*d - 3*f + q. Let c = d - 30. List the prime factors of c.
2, 3, 7
Let s = -902 + 6326. List the prime factors of s.
2, 3, 113
What are the prime factors of 7 + (-3231)/(9/(-1))?
2, 3, 61
Suppose -4*y - 7 + 19 = 0. Suppose 64 = y*d - 131. List the prime factors of d.
5, 13
Let z = -12 + 14. Let t be 3/z + (-900)/(-24). Suppose 0 = -4*y + 9 + t. List the prime factors of y.
2, 3
Suppose z = 3*h - 3353, -4211 = -4*h - 4*z + 249. What are the prime factors of h?
1117
Let v be (-7 - (-4 - -5))*-2. Let f = v + -9. Let i(q) = -q**3 + 8*q**2 - 7*q + 10. List the prime factors of i(f).
2, 5
Let x be (-2 - (-65)/4)*20. Suppose 5*d - 2*w = 3*w - x, -5*w = -2*d - 111. List the prime factors of d/(-4) - 15/10.
13
Let b be ((-8)/20)/(4/1060). Let d = b - -152. What are the prime factors of d?
2, 23
Let i be 6/4*24/9. Let v be 158/(-14) + i/14. Let r = 35 + v. What are the prime factors of r?
2, 3
What are the prime factors of (-4)/30 + (-296805)/(-225)?
1319
Let d be (-6)/8 - (5 + 115/(-20)). Suppose i - 5*i + 268 = d. List the prime factors of i.
67
Let h(s) = 31*s - 4. Let b be 3 + -3*8/(-12). List the prime factors of h(b).
151
Let q(g) = 2*g**2 + 5*g - 6. Let m be q(-4). Let i(x) = -x**3 + 6*x**2 + 8*x + 3. List the prime factors of i(m).
3, 17
Let j(k) = -k**2 - 5*k + 19. Let q be j(-7). Suppose 4*d = q*d - 65. List the prime factors of d.
5, 13
Suppose 3 = -11*i + 12*i. Suppose -i*y - 46 = -5*y. What are the prime factors of y?
23
Let t(i) = 3*i - 19. Suppose 2*f - 4*f + 16 = 0. Let o be t(f). Suppose o*x - 10 = -2*r, -3*r - x = 2*r - 48. List the prime factors of r.
2, 5
Suppose -4 + 24 = 5*z. Suppose 2*m = -5 + 1, z = 3*o + 4*m. What are the prime factors of o?
2
Suppose 0 = 3*a - 6, 524 = -3*j - a - 266. List the prime factors of (-5)/(-35) - j/14 - 3.
2
Let z(l) = l**3 + 15*l**2 + 9*l + 19. List the prime factors of z(-12).
7
Suppose -4*h = h. Suppose -5*u + 20 + h = 0. Suppose u*j - 21 = 23. List the prime factors of j.
11
Let b = 35 - 37. What are the prime factors of (-1)/(b + 234/118)?
59
Let t = 35 - 11. Let c = t + 21. What are the prime factors of c?
3, 5
Suppose 0 = 2*n + 277 - 819. What are the prime factors of n?
271
List the prime factors of (-66)/220 + 30533/10 + 5.
2, 11, 139
Suppose -3*z = 2*d - 1635, 5*d - 4684 = 3*z - 607. List the prime factors of d.
2, 3, 17
Let d be (336/35)/((-2)/10). Let g = d - -104. List the prime factors of g.
2, 7
Let b(m) = 2*m**2 + 11*m - 2. Let q be 114/(-15) + (1 - 35/25). List the prime factors of b(q).
2, 19
Suppose 2*d = -y + 1135, -5*d + 3*y = 566 - 3387. List the prime factors of d.
2, 283
Suppose -j + 5*z + 0 - 3 = 0, j - 2*z = 6. Suppose 7*y = j*y - 405. What are the prime factors of y?
3
List the prime factors of ((-60)/(-10) - 138)*30/(-8).
3, 5, 11
Suppose v - 369 + 114 = 0. Suppose 0 = 3*b - p - 329, -v + 31 = -2*b + 3*p. List the prime factors of b.
109
Let g = -112 - -165. Suppose 4*i + 61 + 41 = 3*c, c + 5*i - g = 0. What are the prime factors of c?
2, 19
List the prime factors of 15585/12 + (-33)/44.
2, 11, 59
Suppose 104 = 2*q + 2*c, -3*c = -0*q - q + 36. List the prime factors of (1 + -25)/(q/(-64)).
2
Let p = -16 - -15. What are the prime factors of (-172)/(-6) + ((-10)/6 - p)?
2, 7
Let t(k) = k**3 - 21*k**2 - 7*k + 42. Let m be t(21). Let r = 265 + m. List the prime factors of r.
2, 5
Let y(h) = 20*h**3 + 2. Let x be y(-2). Let m be ((-90)/(-25))/(2/(-60)). Let k = m - x. What are the prime factors of k?
2, 5
Let x(d) = 24*d**3 - 6*d**2 - 1. List the prime factors of x(3).
593
Let i = -13 + 12. Let m = -2 - i. List the prime factors of 8/(m - 3) + 25.
23
Let r = -29 + 18. Let l = -34 - r. Let g = l + 43. List the prime factors of g.
2, 5
Suppose 2*s = -4*b - b + 66, 3*b + 50 = 2*s. Suppose -10 = 6*p - s. What are the prime factors of p?
3
Let t = 474 + -213. List the prime factors of t.
3, 29
Suppose -4*h - 188 + 476 = 0. What